 - 7 + 33. Let t be 332/n + (-3)/(-15). List the prime factors of (-4)/(-22) + (-258)/t.
2
Let b(q) = q - 3. Let f be b(-7). Let t be 7 + -10 + f/(-2). List the prime factors of 1/t + (-102)/(-12).
3
Let u(j) be the first derivative of -j**3/3 - 7*j**2/2 + 4*j + 1. What are the prime factors of u(-6)?
2, 5
Suppose m - 39 = -2*m + 4*n, 2*n = -m + 3. What are the prime factors of m?
3
Let n be ((-12)/(-9))/((-2)/(-3)). Suppose 0 = 4*d - 0*p - 4*p + 28, -4*p = n*d - 4. List the prime factors of d/(1 + 6/(-4)).
2
Let m(d) = 17*d + 2. Suppose 4*g + 0 = 8. What are the prime factors of m(g)?
2, 3
Suppose -g - p = -0*g - 28, 0 = 3*g - 2*p - 109. List the prime factors of g.
3, 11
Let x(u) = 2*u + 10. List the prime factors of x(11).
2
Let n(c) = 2*c + 6. Let r(l) = -3*l - 6. Let a(f) = -4*n(f) - 5*r(f). Let q be a(-4). Let i = 34 + q. What are the prime factors of i?
2, 3
Suppose 2*m - 5*f - 228 = 0, 3*m - 301 = 3*f + 50. What are the prime factors of m?
7, 17
Suppose 12*u = 11*u + 81. List the prime factors of u.
3
Suppose 1 = -2*g + 2*o - 1, -5*g - 3*o + 3 = 0. Suppose -20 = -g*z - 4*z. Suppose z*f - 46 = 4. What are the prime factors of f?
2, 5
Let f = 29 + -15. List the prime factors of (f/2)/(-3 + 4).
7
Suppose -2*v + 10 = 4. Suppose g = 3*a + 19, 3*g - a - 2 = -v*a. What are the prime factors of 79/g - (-9)/(-12)?
19
Suppose q - 41 = -g, -2*g = -4*g + 4*q + 94. What are the prime factors of g?
43
Let u be (2/(-6))/((-1)/27). Suppose u = -4*s + s. What are the prime factors of (6/7)/(s/(-21))?
2, 3
Suppose 0 = 2*d - d - 28. List the prime factors of d.
2, 7
Suppose -2*c = o - 21, 0 = -4*c - 0*o + 4*o + 60. Suppose -g + 3*g - c = 0. List the prime factors of g.
2, 3
Let u(d) = -d**2 + 3*d + 5. Let j be u(4). Let b = j - -7. List the prime factors of b.
2
Let f = -7 - -9. Suppose o - y + 5*y = 30, 4*o = -y + 120. Suppose o = s + f*s. List the prime factors of s.
2, 5
Let m(x) = x + 16. Suppose -2*w - w = 0. What are the prime factors of m(w)?
2
Let u = 9 + 3. List the prime factors of 25 + 8/u*3.
3
Suppose 4*v - 24 = 2*v. Let w be ((-2)/6)/((-2)/v). Suppose 4*t + 24 = 2*s + w, -2*t = -3*s + 25. What are the prime factors of s?
7
Let h = 8 + -6. Suppose h*o = 32 - 2. Suppose 0*m = -3*m + o. What are the prime factors of m?
5
Let k(s) = -2*s**2 + 7*s - 5. Let i be k(6). List the prime factors of 5*(-7)/(i/6).
2, 3
Suppose -22 = -f - f. Let m = f - 27. What are the prime factors of (-2)/(-3) - m/3?
2, 3
What are the prime factors of -3 - ((-2)/(-2) - 246)?
2, 11
Let r(o) = o**2 - 4*o + 5. Let v(q) = 2*q**2 - 8*q + 10. Let m(y) = 9*r(y) - 4*v(y). Let n = -150 - -154. What are the prime factors of m(n)?
5
Let l(j) = -j**3 + 14*j**2 - 12*j - 2. List the prime factors of l(13).
11
Let b(s) = 23*s - 22. What are the prime factors of b(4)?
2, 5, 7
Let a(c) = -c**3 - 6*c**2 - c - 2. Let r be a(-6). Suppose 4 = r*d, 5*d + 25 = x + 4*d. What are the prime factors of x?
2, 13
Suppose 2*l = 4*f - 0*l - 86, -4*f + 77 = -5*l. Let t = -12 + f. What are the prime factors of t?
11
Let z = 10 - 5. Suppose 0 = -z*l + 20. Suppose 4*c = l*j - 9*j + 38, 2*j = 4. What are the prime factors of c?
7
Let v(i) = 4*i - 13. Suppose d = 3*m + 5, 3*d + 3*m = 5*d - 13. List the prime factors of v(d).
19
Let h = -12 + 29. List the prime factors of h.
17
Suppose c + 20 = -5*j, -5*c - 75 - 25 = 5*j. Let k be (1/(-4))/(5/c). What are the prime factors of 10 + (6/3)/k?
2, 3
Let i = -213 - -313. What are the prime factors of i?
2, 5
Let d = 394 - 195. List the prime factors of d.
199
What are the prime factors of ((-35)/(-2))/(3 - (-20)/(-8))?
5, 7
Let w(k) = 8*k**2 + 3*k - 8. What are the prime factors of w(-4)?
2, 3
Suppose p = -11*p + 408. List the prime factors of p.
2, 17
Let b = 24 + -13. What are the prime factors of b?
11
Let t(u) = -3*u + 6. Let i be t(8). Let h = 20 + i. List the prime factors of h.
2
Let a = 4 - 4. Suppose -4*s = -0*s - 3*y - 15, 0 = 2*s - 4*y - 10. Suppose 0 = s*d - a*d - 21. What are the prime factors of d?
7
Let q(i) = -i - 1. List the prime factors of q(-8).
7
Let y(v) = v**2 - 7*v + 3. Let t be y(7). Let w(z) = -4 - z + 4*z - z + 3*z. What are the prime factors of w(t)?
11
Let v(c) = c - 4. Let y be v(4). Suppose -m + 2*m - 4 = y. What are the prime factors of m?
2
Let c(n) = 0*n + 3*n + n**2 - 4*n - 2. Suppose -3*l - 3*y = 0, 0*l - y = -5*l + 18. List the prime factors of c(l).
2
Let x = 1 + 24. List the prime factors of x.
5
Suppose 4*w - w - 6 = 0. Suppose -19 = -m - 2*p, 0 = w*p - 5*p - 6. What are the prime factors of m?
23
Suppose 3*m = 3*u - 12, 0 = -4*m - 5*u + 9 + 11. Suppose 8*n - 3*n - 45 = m. Suppose -5*g - 5*l = -61 + 16, -n = 3*l. List the prime factors of g.
2, 3
Let b = 7 - 6. Suppose -l = 2*w + l + 24, -68 = 5*w - 3*l. Let n = b - w. List the prime factors of n.
2, 7
Suppose -k = 3*a - 6*k - 54, 0 = 4*k. What are the prime factors of a?
2, 3
Let a(d) = -d**3 - 7*d**2 - 8*d - 8. Let w be a(-6). Let b = 10 - w. What are the prime factors of b?
2, 3
Suppose -6*g + 4*g = -3*t + 6, 2*g - t - 2 = 0. Suppose -w + 5 = -g. List the prime factors of w.
2
Let y be (-7)/9 - 8/36. List the prime factors of y + 0 - (-60)/6.
3
Suppose -52 = -4*g + 8. Suppose -2*s - 5*a = -g, -3*s + 3*a = -2*s - 24. What are the prime factors of s?
3, 5
Let b = -16 - -34. List the prime factors of b.
2, 3
Suppose -4*a - 25 - 23 = 0. Let n = a + 17. List the prime factors of n.
5
Let d be 2 + -2 + 1 - -8. Let t = d + -4. Suppose t*i - 72 = -2. List the prime factors of i.
2, 7
Let t(k) = -3*k - 9. Let x be t(-6). Suppose p = x + 1. List the prime factors of p.
2, 5
Suppose 2 = -b, -4*b + 343 = 4*p - 329. What are the prime factors of p?
2, 5, 17
Suppose 62*u = 67*u - 1800. What are the prime factors of u?
2, 3, 5
Suppose -2*s + 23 = 5*j, 3*s + 2*j + 0*j = 18. Let q = -2 + s. What are the prime factors of q?
2
Suppose 0 = -p + 2*p - 2. Suppose -a - n + 1 = 0, n - 6 = -5*a + 15. Suppose 32 = a*s + p. What are the prime factors of s?
2, 3
Suppose 0*j = -j - 2*m + 3, -3*m + 6 = j. List the prime factors of 13 + (2 - 3/j).
2
Suppose -2*o + 20 = -7*o. List the prime factors of (6 + -4)/(o/(-54)).
3
Let d be 7 - 4/(0 - 2). Suppose 0 = -u + l + 6 + d, 4*u + l - 40 = 0. What are the prime factors of u?
11
Let c = 24 - 21. Let x(t) = -t**3 - 2*t**2 + t - 1. Let b be x(-3). Let f = b - c. What are the prime factors of f?
2
Suppose -103 = -4*y - q - 4*q, 5*y - 5*q - 95 = 0. Let s be (-678)/(-22) + 4/y. Let t = s + -15. List the prime factors of t.
2
Let g(b) = -b**2 + 5*b. Let u be g(4). Let l be 2/u*(-5 + -471). List the prime factors of (-2)/9 + l/(-18).
13
Let x(l) = -l - 6. Let q be x(-7). Let y = q - -1. Suppose y*p + p = r - 18, 3*r - 24 = 3*p. What are the prime factors of r?
3
Suppose -5*g + 3*g + 52 = 0. List the prime factors of g.
2, 13
Suppose 0*x - 16 = -4*x. Let p = x + 26. What are the prime factors of p?
2, 3, 5
Suppose 0 = 29*i - 33*i + 1144. List the prime factors of i.
2, 11, 13
Let s(p) = p + 12. Let m be s(0). Let w be (20/(-6))/(m/(-18)). Let a = w - 3. What are the prime factors of a?
2
Suppose 7*t - 4*t = -234. Let d = 110 + t. List the prime factors of d.
2
Let z(g) be the second derivative of -3*g**5/10 + g**4/12 + g**3/6 + g**2/2 - 5*g. What are the prime factors of z(-1)?
7
Let a(o) = 7*o + 2 - 2*o + o. List the prime factors of a(3).
2, 5
What are the prime factors of (-2)/(-4) + (-248)/(-16)?
2
Let y(z) = 2*z**2 + 2*z - 2. Let o(s) = 4*s**2 + 4*s - 4. Let m(x) = -3*o(x) + 7*y(x). List the prime factors of m(-2).
2
What are the prime factors of 1/(-5*4/(-40))?
2
What are the prime factors of (-6272)/(-36) + 4/(-18)?
2, 3, 29
Suppose -5*u = -160 - 185. What are the prime factors of u?
3, 23
Let r be ((-3)/(-6))/(2/28). Let f(g) = -2*g + 8. Let n be f(r). Let l = 11 + n. What are the prime factors of l?
5
Let g = 10 - 8. Suppose -g + 11 = s. What are the prime factors of s?
3
Let b be (-8)/6*(12 + -15). Suppose -b*k + 1 = -139. List the prime factors of k.
5, 7
Let q(x) = 2*x**3 - x + 1. Let f(n) = n**2 + 5*n + 5. Let r be f(-4). Let u be q(r). Suppose u*h - 5 = -3*c + 40, 2*h + 46 = 4*c. List the prime factors of c.
13
What are the prime factors of 10/(-2 - 32/(-12))?
3, 5
Let a be (-15)/6*18/(-15). Suppose -3*c + 4 = -2. Suppose a + c = u. What are 